 2) to base 15
-cc24c
Convert -131103211331 (base 4) to base 10.
-7682429
What is 3f0c08 (base 16) in base 7?
50056130
What is 11122122002 (base 3) in base 5?
10412321
What is 22052031 (base 6) in base 8?
2411223
Convert -21203404 (base 7) to base 6.
-102323214
-32101222010 (base 4) to base 9
-7033465
What is 8352006 (base 9) in base 4?
101001211200
What is b0a30 (base 14) in base 3?
210120102010
Convert -23844 (base 11) to base 10.
-34291
What is 1896009 (base 10) in base 3?
10120022211120
What is 10577007 (base 8) in base 4?
20233320013
Convert -3031511 (base 6) to base 8.
-431603
1444200422 (base 5) to base 12
137b24b
-22352852 (base 9) to base 13
-2327564
-11a7968 (base 11) to base 6
-112441342
Convert -347b9 (base 13) to base 8.
-273076
Convert 9c37d1 (base 15) to base 3.
112000200122121
111111011001110101010 (base 2) to base 7
23442113
What is 312101320 (base 4) in base 3?
102021222101
What is -214451 (base 6) in base 14?
-6739
120502 (base 7) to base 14
7d72
What is -8c881 (base 13) in base 9?
-430527
-77721 (base 11) to base 14
-2d0c2
What is -241a1 (base 11) in base 13?
-12b1b
What is -330404003 (base 5) in base 4?
-11122133311
What is -4326431 (base 9) in base 8?
-10664567
Convert -32023021223 (base 4) to base 5.
-1422400231
Convert 213224 (base 9) to base 5.
13031110
43875 (base 9) to base 3
1110222112
171a9 (base 15) to base 5
4342014
What is 259364 (base 11) in base 9?
681251
What is -2358236 (base 10) in base 15?
-318b0b
What is 361c (base 16) in base 4?
3120130
What is -118468 (base 9) in base 13?
-26903
What is -1366b (base 14) in base 8?
-135457
Convert -8623 (base 11) to base 16.
-2c87
-152c573 (base 13) to base 9
-13654475
What is -94f2a4 (base 16) in base 11?
-5567a10
What is d4bda (base 15) in base 5?
133034210
What is 1764 (base 8) in base 4?
33310
120402332 (base 5) to base 13
1679c2
What is 101020000011 (base 3) in base 6?
4151304
-14728868 (base 9) to base 14
-d917c0
Convert -424414 (base 9) to base 3.
-110211110111
Convert 1342031 (base 9) to base 11.
463230
What is -535164 (base 10) in base 13?
-159786
-1000110011101011111 (base 2) to base 16
-4675f
10100011110000 (base 2) to base 4
2203300
What is 1130210424 (base 5) in base 6?
131224042
-32011021 (base 6) to base 16
-e42f5
What is 150202 (base 9) in base 6?
1550002
-1146ba (base 15) to base 16
-c96c1
-111330233 (base 4) to base 6
-1532115
10eb4 (base 16) to base 9
115050
Convert -3421222 (base 5) to base 3.
-10002102022
-67617130 (base 8) to base 16
-df1e58
48ba6 (base 14) to base 10
177918
What is -443210 (base 7) in base 4?
-103002032
Convert 234452 (base 6) to base 7.
113465
What is -495d71 (base 16) in base 9?
-10037356
What is 4404505 (base 8) in base 3?
2020001102120
Convert 157769 (base 15) to base 7.
11551440
Convert 42044423 (base 5) to base 16.
54aef
Convert -23143334 (base 5) to base 15.
-41ece
Convert -80195 (base 15) to base 10.
-405365
What is -22321561 (base 7) in base 4?
-13121030332
What is -932013 (base 11) in base 6?
-52022110
What is 15768 (base 10) in base 12?
9160
Convert -23314112 (base 5) to base 2.
-110100001010011001
What is 20326 (base 16) in base 9?
220811
What is 257678 (base 11) in base 7?
3306012
What is -2063745 (base 10) in base 6?
-112122213
1021110122110 (base 3) to base 5
133202231
Convert -404617 (base 8) to base 5.
-13233034
Convert -11100011000111011111 (base 2) to base 12.
-38a427
236214a (base 11) to base 2
1111101101000111011110
What is -81098 (base 12) in base 13?
-5b466
-4313045 (base 7) to base 4
-2000003000
What is -a014 (base 13) in base 5?
-1200422
402402110 (base 5) to base 13
443313
Convert 10000111111100100010001 (base 2) to base 9.
8338586
What is 8582a6 (base 13) in base 6?
151040143
3322431 (base 5) to base 11
3a526
1430344 (base 6) to base 3
11011012001
What is 688655 (base 10) in base 3?
1021222122202
What is -1001101011011010 (base 2) in base 6?
-503310
What is -241052 (base 13) in base 14?
-18511c
What is -45045a2 (base 12) in base 16?
-c95a4a
Convert 2436262 (base 7) to base 8.
1141171
Convert -289416 (base 15) to base 7.
-22421562
-20013030301 (base 4) to base 15
-2c01b1
What is 6004a9 (base 13) in base 10?
2228573
What is -1558984 (base 12) in base 9?
-8157681
150462 (base 7) to base 8
70574
What is 7baba (base 12) in base 5?
20300432
Convert -3505242 (base 6) to base 14.
-49870
Convert -10840 (base 12) to base 7.
-120645
Convert 34111040 (base 5) to base 14.
7b878
What is -334568 (base 9) in base 8?
-607025
-113003021 (base 4) to base 5
-11010114
What is 5195da (base 15) in base 9?
7262237
Convert -14503312 (base 6) to base 10.
-506204
Convert -1000001001111011000 (base 2) to base 10.
-267224
-21222100 (base 5) to base 11
-112a79
Convert 58a247 (base 11) to base 12.
3917aa
-1003094 (base 10) to base 12
-4045b2
What is 11011012021112 (base 3) in base 4?
20123021120
-16cb75 (base 15) to base 14
-20b1d0
122120331 (base 4) to base 16
1a63d
-73891 (base 11) to base 14
-2b2a0
What is 33323134 (base 5) in base 4?
1013113012
What is 2530326 (base 7) in base 9?
547133
Convert 4219db (base 14) to base 5.
1032422304
What is 711227 (base 9) in base 13?
11970a
-445311 (base 7) to base 16
-1336e
Convert 28eed (base 15) to base 9.
220487
What is -70162a (base 13) in base 15?
-3660b8
What is 354433 (base 7) in base 5?
4022033
What is 10201320432 (base 5) in base 16?
a155ba
-6572550 (base 9) to base 12
-12239a6
859 (base 14) to base 3
2021000
618b (base 12) to base 7
42650
4a298 (base 15) to base 2
111001110100101011
Convert 140554605 (base 7) to base 5.
4321003214
-7001b (base 13) to base 4
-300310033
Convert 2232505 (base 10) to base 12.
8b7b61
Convert -401135 (base 11) to base 5.
-131130234
What is -34728b6 (base 12) in base 14?
-14adcb8
What is -122211022 (base 4) in base 3?
-12112100101
95a82 (base 13) to base 9
451121
-29b3 (base 12) to base 5
-124022
Convert 142ba (base 13) to base 14.
db0c
Convert -1d8d22 (base 14) to base 10.
-1061762
5150231 (base 6) to base 10
247627
What is 14422020 (base 6) in base 12?
201910
What is -a12235 (base 11) in base 2?
-110001101011110111101
Convert 413201331 (base 5) to base 4.
12131210032
What is 3c25a4 (base 14) in base 10?
2081076
751627 (base 10) to base 2
10110111100000001011
-4338874 (base 10) to base 7
-51610531
What is 353806 (base 10) in base 6?
11325554
What is 10401433 (base 7) in base 6?
31034314
10201222022101 (base 3) to base 4
13211032120
What is 2056126 (base 9) in base 3?
2001220010220
-4420322 (base 6) to base 7
-1605455
-11a308 (base 11) to base 15
-3b19d
What is 1824355 (base 10) in base 2?
110111101011001100011
Convert -1a387 (base 12) to base 9.
-57784
b961 (base 16) to base 10
47457
Convert 118896 (base 10) to base 13.
4216b
What is -26253304 (base 8) in base 16?
-5956c4
1465233 (base 12) to base 4
33230210013
-38a2c7 (base 14) to base 13
-533053
201012212212 (base 3) to base 12
162aa2
What is 329dc0 (base 14) in base 6?
100452220
What is 287701 (base 16) in base 15?
375b3a
11342322 (base 5) to base 11
7267a
Convert 101030201 (base 6) to base 5.
420331413
Convert -212022121110 (base 3) to base 13.
-130bb7
-11120012112 (base 3) to base 7
-522566
-aa8393 (base 11) to base 13
-49b997
Convert 1274622 (base 8) to base 11.
225634
-2c9c0 (base 15) to base 5
-14101310
52151404 (base 6) to base 11
93a767
Convert 416934 (base 11) to base 3.
1020221021011
Convert 100101101110000111 (base 2) to base 5.
14421003
What is 195956 (base 12) in base 7?
3533466
-3131403130 (base 5) to base 6
-351332215
66f3a (base 16) to base 7
3404263
What is -112211011220 (base 3) in base 8?
-1071624
What is 2a655 (base 12) in base 8?
164441
What is 122202223010 (base 4) in base 12?
23b6598
Convert 198b47 (base 14) to base 4.
3131213123
21321111312 (base 4) to base 15
363996
Convert -223b085 (base 13) to base 15.
-dc7e0d
-6303758 (base 11) to base 4
-222122031232
Convert 1335264 (base 7) to base 12.
86610
What is 21535250 (base 6) in base 8?
2366356
Convert -2215733 (base 9) to base 4.
-10202331213
347373 (base 10) to base 3
122122111200
Convert 12864033 (base 9) to base 14.
bb7db5
What is -94062 (base 10) in base 11?
-64741
-5208252 (base 9) to base 8
-12470240
Convert 14524302 (base 6) to base 16.
7c44e
Convert 110000110110101101010 (base 2) to base 10.
1600874
-2a99 (base 15) to base